pose g = -o + 5*u - 12 - 1, 0 = -h*u + 9. What is the highest common factor of 20 and o?
2
Suppose -2*r + 4 + 4 = 0. Suppose -2 = -3*h + r. What is the highest common divisor of 5 and h?
1
Let g be (12 - 14)/((-2)/1). What is the greatest common factor of 5 and g?
1
Suppose 7*x = 5*x + 26. What is the highest common factor of 117 and x?
13
Let g = -46 - -78. Calculate the greatest common divisor of g and 256.
32
Let a = -5 + 7. Suppose 0 = -2*l + 4*r + 120, 3*r + 275 = 4*l + a*r. Calculate the greatest common factor of 10 and l.
10
Suppose -93 = -2*t + 87. Suppose 0 = 3*l - 0*l - t. Let y = 14 + -4. Calculate the greatest common factor of y and l.
10
Let n(o) = -o**3 + 22*o**2 + 23*o + 5. Let d be n(23). Calculate the highest common factor of 55 and d.
5
Let h(j) be the third derivative of 7*j**5/20 + 5*j**2. Let g be h(1). Calculate the greatest common factor of 7 and g.
7
Let n be -33*(3 + -1 - 7). Suppose -5*b - s = 3*s - 230, -3*b + 3*s + n = 0. Calculate the highest common factor of 5 and b.
5
Let t(r) = -r - 6. Let z be t(-18). What is the greatest common factor of z and 6?
6
Let u be ((-64)/12)/((-2)/9). Let q = -6 + u. What is the greatest common divisor of q and 72?
18
Let n(i) = 2*i**2 + i - 3. Let f be n(-6). What is the highest common factor of 126 and f?
63
Let u = 8 - 3. Suppose 6*c = 2*c - x + 245, 290 = u*c - 2*x. Calculate the highest common divisor of c and 15.
15
Let t(n) = -n - 1. Let v be t(1). Let g be 111/v + (-4)/(-8). Let k = 88 + g. Calculate the highest common divisor of k and 11.
11
Let i be 93 + 3*(1 + -2). Calculate the highest common divisor of 36 and i.
18
Let k be 16/(-10)*(-11 - -1). Calculate the greatest common factor of k and 144.
16
Suppose 15 = 6*y - y. Suppose -24 = -y*b + 18. Let v(w) = -w**3 + 6*w**2 + w + 1. Let m be v(6). What is the highest common factor of b and m?
7
Let u = 174 + -122. What is the greatest common factor of 130 and u?
26
Let s = 79 + 41. Let v = s - 212. Let n be 0 - (-4)/(-2) - v. What is the greatest common factor of n and 15?
15
Let x(u) = 14*u. Let w be x(-1). Let s = 24 + w. Suppose 2*l - 25 = l. Calculate the highest common factor of l and s.
5
Suppose 30 - 100 = -5*n. What is the highest common divisor of n and 2?
2
Let f = 636 + -324. What is the greatest common factor of f and 39?
39
Let n = -31 + 46. What is the greatest common factor of 10 and n?
5
Suppose 2*j - a + 48 = -36, 0 = 3*j + a + 131. Let i = -27 - j. Calculate the greatest common divisor of i and 80.
16
Let f be 0/((4/(-2))/1). Suppose 0 = -f*y + 5*y, 183 = 3*a - y. Suppose -p = -47 - a. What is the highest common divisor of p and 12?
12
Let r be (-2)/((-554)/186 + 3). Let b = r + 198. What is the greatest common divisor of b and 21?
21
Let m(t) = -2*t - 8. Let d be m(-6). Suppose d*w - w - 108 = 0. What is the greatest common divisor of 54 and w?
18
Let f be 1*-1*(-98)/(10 - 3). What is the greatest common factor of 56 and f?
14
Let f(p) = -p**2 + 11*p - 4. Let h be f(9). Calculate the highest common divisor of 56 and h.
14
Suppose 15*h - 52 = 8. What is the greatest common factor of 64 and h?
4
Let t(q) = q**3 - 2*q**2 + 2*q - 1. Let k be t(2). What is the greatest common factor of 3 and k?
3
Let s be 117/(-6)*6/(-9). Calculate the greatest common factor of 91 and s.
13
Let r(w) = w**2 - 7*w - 2. Let t be r(8). Calculate the greatest common factor of t and 42.
6
Suppose -2*x - 88 = -5*y - 24, -4*y = -3*x - 47. Let o be (-2)/(-7) - (-782)/7. What is the greatest common factor of o and y?
14
Suppose 12 = h - 2. Calculate the greatest common factor of 112 and h.
14
Let n(p) = p**3 + 8*p**2 - p + 11. Let f be n(-8). Calculate the highest common divisor of f and 19.
19
Suppose -2*v = -5*v + 18. Let r = -3 + v. Suppose r*b - 7 = 2*b. Calculate the highest common divisor of b and 7.
7
Let b = -37 + 165. Calculate the greatest common factor of 16 and b.
16
Suppose -4*u = -2*x - 2*x - 80, 3*u + x = 76. Calculate the greatest common factor of u and 24.
24
Let w = -49 + 69. Calculate the greatest common factor of w and 30.
10
Suppose 3*b - 2*g - 13 = 2*b, b = 3*g + 17. Let m(j) = j**3 - 6*j**2 - 6*j + 2. Let l be m(6). Let p = l - -89. Calculate the highest common factor of b and p.
5
Let o(w) be the first derivative of 10*w**3/3 + 7*w**2/2 - 4*w + 1. Let y be o(6). Suppose -y - 86 = -4*j. What is the greatest common factor of 11 and j?
11
Let r = 23 + -18. What is the highest common divisor of r and 15?
5
Let j be (-3)/2*(-152)/12. What is the highest common divisor of 19 and j?
19
Let c be (1 + 10/6)*12. Suppose 3*y + 2*l + 3 = 2*y, 0 = 4*l + 8. Suppose 49 = 6*b + y. Calculate the highest common factor of b and c.
8
Let d = -10 + 16. Let q be 5/(-3)*-18*1. What is the greatest common factor of d and q?
6
Let f be (-2 - -1)/(2/(-14)). What is the greatest common divisor of 28 and f?
7
Suppose 0 = z + 5*k - 6, 2*z + 5*k = 4*k - 6. Let w be z/10 + (-603)/(-45). Calculate the highest common divisor of 52 and w.
13
Let d = 5 + -2. Suppose -u - 11 = 4*w, w + 0 = -d. Suppose -5*x = -0 - 5. What is the highest common divisor of u and x?
1
Suppose -2*y + 7*y = 95. Calculate the highest common factor of 95 and y.
19
Let g = 105 + -51. Calculate the greatest common divisor of 6 and g.
6
Let m(t) = t**2 + 6*t + 9. Let l be m(-6). Let y(j) = 6*j**2 + 4*j + 1. Let n be y(-4). What is the greatest common divisor of l and n?
9
Let l be 11 - -3 - (0 + 3). What is the greatest common factor of l and 33?
11
Let z be (-1)/5 + 528/15. Calculate the greatest common divisor of z and 14.
7
Suppose 5*c = q + 13, -q - 1 = -2*c + c. Let t(z) = 26*z**2 - 2*z - 1. Let o be t(q). Calculate the greatest common factor of o and 9.
9
Let v(t) = 12*t + 3. Let j be v(-3). Let d = j + 7. Let r = d - -36. Calculate the highest common divisor of r and 40.
10
Let m(d) = d**2 + 6*d - 7. Let i be m(-7). Suppose 16 = o - i*o. What is the greatest common divisor of 48 and o?
16
Let i(v) = -v**2 + 5*v - 13. Let o be i(-8). Let m be (-837)/o + 2/(-13). What is the highest common factor of 7 and m?
7
Suppose -t = 2*h - 59, h + 19 = 4*t + 44. Suppose -x + h - 7 = 0. Calculate the greatest common factor of 33 and x.
11
Suppose 8*g + 18 = 11*g. What is the greatest common factor of 24 and g?
6
Let s(w) = w**2 - 6*w - 3. Let x be s(6). Let j be 108/x*2/(-4). Calculate the greatest common factor of 27 and j.
9
Let t(k) = -2*k - 1. Let w be t(-1). Let v(j) = -8*j - 7. Let m be v(-4). Let u = m + -17. What is the greatest common divisor of w and u?
1
Let z be (-1)/((-3)/(-270)*-3). Calculate the highest common divisor of 45 and z.
15
Let r(x) = x**2 - 4*x + 7. Let n be r(2). Suppose 3*y - 1 = -4*t, -3*y + 2 = 6*t - t. What is the greatest common divisor of t and n?
1
Suppose -2*b = -5*c + 2*c + 17, -5*c + 65 = 4*b. Suppose 0 = -3*q + 4*w - 2*w + 3, q - 1 = w. Calculate the highest common divisor of c and q.
1
Suppose 5*n - 580 = -4*b + 505, -2*b + 541 = 3*n. Calculate the greatest common divisor of b and 11.
11
Let d(u) = -u**3 + 6*u**2 - 2*u - 2. Let z be d(5). What is the highest common factor of z and 39?
13
Suppose y - 189 = 3*i, -y + 3*i = 6*i - 171. Let n be 18 + 1/(1/2). Calculate the greatest common divisor of n and y.
20
Suppose 0 = -4*m - 0*m + 624. Calculate the greatest common divisor of m and 12.
12
Suppose 0 = -2*l + 262 - 134. Let b = -6 + 38. What is the highest common factor of l and b?
32
Let l(n) = 5*n**2 + 2*n - 3. Let s be l(4). Let y = s + -9. What is the greatest common divisor of y and 19?
19
Let n = 0 - -2. Suppose 7 = f - 3*q, -3*f + n = 5*q - 5. Suppose c = -f*c + 175. Calculate the highest common factor of 5 and c.
5
Suppose -60 = b - 5*b. Suppose 0 = -2*c - c - b, h = -c + 39. Calculate the greatest common factor of h and 11.
11
Let d = 22 - 19. Let o be (0/d + 3)*35. Calculate the greatest common factor of o and 15.
15
Suppose 4*s - b = -38 + 641, -s = 4*b - 138. Calculate the greatest common factor of s and 6.
6
Suppose p - 1 = -2. Let w be (-2 - -3)/(p/(-19)). What is the greatest common factor of 57 and w?
19
Suppose 2 = q - 0. Let f be (42 + 0)/(3/q). What is the highest common divisor of f and 7?
7
Let u(v) = v + 37. Let m be u(-6). What is the greatest common divisor of m and 217?
31
Suppose t - x = 2*t - 58, 5*t = -x + 298. Calc